-11 - (-2 + 0 + -1)).
-5
What is (3 - 5) + 3 + -1 + 2?
2
What is the value of -13 + 22 + -5 + (1 - -1)?
6
4 - (-2 + 8 + -18 + 18)
-2
What is (5 - 20 - -10) + 0?
-5
Calculate -17 - 1 - (-23 + 11).
-6
What is 0 + -3 + 4 + 1 + -1?
1
Calculate (-1 - 5) + 10 - 0.
4
Calculate 0 + ((1 - -3) + -3 - 4).
-3
What is the value of -3 + -4 + (3 - 0)?
-4
Evaluate -5 - (0 + 2 + 3 + -5).
-5
What is the value of -2 + 14 + (-6 - 1)?
5
What is (8 - (-4 - -6) - 5) + 1?
2
Calculate -1 + -4 + (-1 - 1) + 10.
3
-1 + 2 + 5 + -5 - 3
-2
What is the value of 5 - (0 - -3) - (5 + -2)?
-1
What is -2 - (-2 + 4 + -3)?
-1
(2 + -3 - 3 - -1) + 2
-1
-17 + -1 + 13 - (0 - 3)
-2
Evaluate -4 + (-5 - (-5 + -3)).
-1
Calculate -9 + (-6 - -4) + 13.
2
What is the value of 8 - 2 - 4 - (3 - 2)?
1
What is 4 + (2 - 5) + 1?
2
7 - (2 - -19) - -6
-8
12 + 1 + -7 - (2 - -1)
3
Evaluate -3 + -3 + (4 - 1).
-3
What is the value of -17 + -5 + -1 + 1 + 12?
-10
What is the value of -2 + 0 + (3 - 2) - 1?
-2
What is (-17 - -19) + (2 - -2)?
6
What is 5 + 2 - -1 - 0?
8
Evaluate (3 - 2) + (-1 + 0 - -4).
4
What is -1 - 2 - (4 + (3 - 6))?
-4
-5 - (2 - -2 - 6)
-3
Evaluate -8 - (8 + -11 - 3).
-2
What is the value of -1 + 11 + -2 + -3 + 3?
8
Calculate 1 + 2 + 0 + -7 + 1.
-3
-3 - (-1 + (-3 - (-3 - -6)))
4
(0 - 7) + 19 - 14
-2
What is the value of (3 + -3 - 2) + -1 + 3?
0
Calculate 4 + 1 + -7 + -5 + 11.
4
What is -4 + -1 - 1 - (97 + -102)?
-1
-7 - (-7 - (6 + -1))
5
What is 5 + (-6 - 5) + 3?
-3
What is (5 - 0) + (-34 - -29) - 3?
-3
Calculate -1 - -2 - (-35 - -29).
7
Evaluate (0 + -1 - -4) + (18 - 13).
8
0 + (-2 - -2) - 2
-2
Evaluate -5 - (9 - 17) - 0.
3
Evaluate -9 + 2 - (-1 + -3) - -1.
-2
What is -2 - (13 - (-4 + 12))?
-7
What is the value of -3 + 0 - (-164 + 166)?
-5
-7 - ((-2 - -1) + -4)
-2
What is -4 + -3 + -2 + 6?
-3
Calculate -3 + 3 + (-6 - 2 - -9).
1
Calculate -1 + 2 + 3 - (-11 + 5).
10
Calculate 6 - (2 - (-8 - -7)).
3
Evaluate -2 + (-3 - (-1 - 0)).
-4
What is -2 + 6 + (-6 - -3)?
1
Calculate (4 - (0 - (5 - 6))) + -1.
2
What is the value of 3 + (9 - 12 - (-5 + 1))?
4
Evaluate 3 - (3 - (3 + -3 + 1)).
1
Calculate -1 + 0 + (1 - -1) + -1.
0
Calculate 1 + -2 - ((-6 - 1) + 4).
2
0 - (3 - 3) - 0
0
Evaluate 7 + (-17 - (0 - 5)).
-5
What is the value of 0 - ((1 - 3) + 2) - 2?
-2
What is 7 - (-4 + 5 - -2)?
4
Evaluate -7 + (3 + 0 - 11 - -18).
3
What is the value of (0 - -5) + -8 + 2?
-1
What is the value of (6 - -3) + 6 + -10?
5
What is -3 - (1 - (3 + -1))?
-2
What is 11 + -5 + -3 + -8?
-5
Evaluate (35 - 40) + (-3 + 4 - -7).
3
Calculate (4 - 2) + -4 + 3.
1
What is -10 - -2 - (23 - 28)?
-3
3 + -11 + (8 - -8)
8
Evaluate -1 + -6 - ((4 - 7) + -3).
-1
Calculate (4 - (-3 - -4)) + -2 - 5.
-4
What is the value of (-3 - -1) + 1 - (-1 + 0)?
0
Calculate 6 + -7 + -3 + 8.
4
Calculate -19 + 28 + -7 + (1 - -4).
7
What is 6 + -4 + (4 - 0)?
6
Evaluate -7 - (-4 + 10) - -10.
-3
Evaluate 6 + 2 - (0 + -1).
9
What is (4 + 1 - 11 - -1) + 5?
0
What is 1 + (1 - 5 - 2)?
-5
Calculate -2 - (-1 + -1 + -3).
3
Evaluate 11 + -12 + (4 - -1).
4
What is -3 - (-5 + 11 + -5)?
-4
Calculate 1 + 3 + (4 - (-5 + 11)).
2
Evaluate 2 - (-4 + (-4 - -7 - -5)).
-2
1 + 0 - (12 - 21 - -16)
-6
What is -7 + -3 + 2 - (20 + -19)?
-9
What is 0 + 13 - 4 - 13?
-4
What is the value of 6 + (-2 - 0) + -59 + 58?
3
What is the value of -19 + -5 + 13 - -1?
-10
Calculate 3 + (3 - (4 - -4)).
-2
(11 - (-1 - -2)) + -7 + 1
4
What is 7 + -16 - -11 - 3?
-1
What is 4 + (-7 - 5 - -4)?
-4
What is -1 - (1 - (3 + 5 + -11))?
-5
What is the value of 1 + 5 - (-19 - -24)?
1
Evaluate 11 + -12 + (-4 - -3).
-2
Evaluate -6 - (-6 + -4 - -5).
-1
Evaluate (-6 + (-1 - -1) - -3) + 4.
1
Evaluate -6 + (12 - 18) + (-1 - -8).
-5
Calculate 1 - (1 + 5) - (15 - 17).
-3
What is the value of 4 + (-3 - -1) - 2 - -1?
1
Evaluate 3 + 3 - (0 - (-7 + 2)).
1
Calculate -3 - (3 + 1 + -11 + 2).
2
Calculate 3 + (1 - (3 - -1)) + 0.
0
What is the value of (-6 - (-4 - -2)) + 3?
-1
Calculate 3 + 1 - 6 - -6.
4
Calculate -2 + -3 + (-6 + 3 - -5).
-3
What is the value of -3 + 0 + (-7 - -16 - 2)?
4
What is 3 - (4 - (-2 - (-3 + -2)))?
2
Evaluate 7 - (6 + 1 + -4).
4
What is -2 + (6 - 3) + 0 + 4?
5
Calculate 3 + 5 + (-6 - -6) - 5.
3
What is -9 - 1 - (77 + -86)?
-1
Calculate 4 + (0 - (3 + 0)).
1
What is the value of 2 + 1 + 14 + -17?
0
Evaluate 1 + -6 - (134 + -133).
-6
What is -14 + 9 + 14 + -2 + 0?
7
What is the value of -17 + 7 + 2 + 1?
-7
Calculate (2 - 6) + -9 - (-4 + -1).
-8
Calculate 1 - 4 - (-7 - -4).
0
(1 - -3) + 24 + 23 + -47
4
8 + -6 - (-4 + (4 - 0))
2
-1 - (1 + -3) - 5 - -1
-3
Calculate (0 - -3) + (-4 - -2).
1
-11 + (3 - 14) + 14
-8
Evaluate 0 + 5 + 35 + -31.
9
Calculate (-3 - 3 - -9) + -3.
0
Evaluate (1 - 0) + -6 - (-8 - 2).
5
7 + (0 - 3) - (9 + -5)
0
What is the value of (-5 - -3) + -3 - 0?
-5
What is 10 - (6 - (-5 + 8))?
7
Calculate 3 - ((29 - 33) + (11 - -1)).
-5
What is the value of (10 - -1) + -5 + 1?
7
Evaluate 6 - ((-17 - -8) + 8) - 15.
-8
(-8 - -1) + -6 + 13
0
What is -11 + 8 + -6 - -6?
-3
Evaluate 0 + (8 - -2) + -19.
-9
What is the value of -1 - (-2 + 4 - -3)?
-6
What is -12 - (-7 + -3 - -6)?
-8
What is 3 - (2 + -2 + 5 + -3)?
1
Evaluate -16 + 2 + 13 - (-3 + 2).
0
Calculate 1 + -2 - (-7 + 4).
2
What is -23 + 17 - (-3 - (4 - 3))?
-2
What is the value of -5 + (1 + -1 - -3)?
-2
What is 3 - 1 - (-5 - (-8 + 2))?
1
What is -2 + (1 - -2) + -1 + 0?
0
Calculate -4 - -3 - -2 - (1 + -1).
1
What is the value of 10 + (2 - -2) + (1 - 7)?
8
What is 7 + 2 + -7 + -10?
-8
Evaluate -1 - -4 - (1 + -1).
3
What is 11 + 0 + -4 + -4?
3
What is the value of -9 + 5 + (0 - (2 + -3))?
-3
What is the value of -10 - -8 - (0 + 5) - -12?
5
What is the value of -18 + 35 - (2 - (3 - 9))?
9
Evaluate -4 + (0 - 0 - (-2 - -1)).
-3
Calculate -2 + (-3 - -7) + -7.
-5
Calculate 7 + -6 + 4 + -3.
2
What is the value of -3 + 0 + 7 - (-23 + 26)?
1
What is -4 + 3 - (-12 + 12) - -8?
7
29 + -32 - (0 - 0)
-3
Calculate -8 + 8 + -9 - -9.
0
Calculate (1 - 18) + (-29 - -43).
-3
What is 4 - (0 - 0) - 3?
1
Calculate -12 - -3 - -1 - (-4 - 4).
0
Calculate (8 - 4) + -3 + (-2 - -4).
3
0 + -9 + 0 - (-154 + 150)
-5
What is 1 - (0 + 0 + 5 + -8)?
4
1 + (6 - 0 - 7 - 5)
-5
Evaluate (-5 - -1 - -6) + -7.
-5
Evaluate (-3 - (-1 + 1)) + 4.
1
What is the value of 3 + (1 - -2) + -3?
3
What is the value of 1 + -1 - (1 + 2)?
-3
What is the value of -18 + 22 + (0 - 0) + -9?
-5
(0 + -4 - (9 + -14)) + -2
-1
(-113 - -132) + (-9 - 2)
8
Evaluate (5 - -1 - 5) + -4.
-3
4 + (1 + 0 - -1) + -1
5
What is the value of (4 - 6) + 2 - (-9 - -1)?
8
Calculate (16 - 8 - 3) + 2 + -11.
-4
What is the value of (2 + 1 - 3) + -2 + 1?
-1
Calculate (8 - (2 - -5)) + -4.
-3
Calculate 5 + (-9 - -17 - 12).
1
What is -2 + 1 + (-25 - -21)?
-5
-24 + 18 - (-1 - 8)
3
-13 + (9 - 11) + 8
-7
Evaluate -1 + 0 - 1 - (4 - 5).
-1
(3 - 2) + -5 + 11 + -5
2
Calculate (7 - 11 - 0) + 1.
-3
Evaluate 5 + (0 + -6 - (-23 + 21)).
1
Evaluate -1 + 2 + 14 + -14.
1
-1 + (7 + -1 - (-2 - -13))
-6
Calculate (0 + -2 - -1) + (-30 - -38).
7
What is 5 - (-7 - -4 - (0 - 4))?
4
What is -4 - (-4 - 0 - 0)?
0
-3 + (-1 - 0) - (-4 - -2)
-2
(0 - -6 - -3) + -6 + 1
4
Evaluate -5 - (-15 - -5) - 11.
-6
Calculate 10 + -4 + 8 - (9 + -3).
8
-4 + (4 - 1) - -4
3
Calculate -3 + (6 + -2 - 0) + 2.
3
Calculate (-1 - 3) + 0 - (-13 - -12).
-3
Evaluate 5 - ((5 - 1) + -3).
4
What is the value of (2 - 10) + (-68 - -84)?
8
0 + (-7 - (5 - 10)) + 8
6
What is 4 + (-6 - (7 + (-13 - 0)))?
4
Calculate -3 - (5 + -1 + -12).
5
What is -17 + 1 + 3 - (35 + -40)?
-8
Calculate 6 - (-6 - (-12 - -8)).
8
6 + (-3 + -8 - -1)
-4
Evaluate -1 + -1 + 1 + 3 - 5.
-3
What is the value of (-2 - (0 - 1)) + 13 + -17?
-5
What is the value of -1 - (0 - 1) - (8 + -8)?
0
Evaluate 1 + (-1 - 1) + (-12 - -17).
4
Calculate 3 - (3 + (4 - 10) + 9).
-3
-2 - 4 - (-9 + (1 - 0))
2
Calculate 1 + (-2 - (-4 - -3)) + -4.
-4
What is -19 + 17 + (-1 - 0 - 0)?
-3
Evaluate -4 - (1 + -4 + (0 - 7)).
6
Calculate (9 - -1 - 3) + -4 - -1.
4
Evaluate 5 + (-3 - ((3 - 3) + 0)).
2
-3 + (3 - 0) + 0 + -2
-2
(0 - (-1 + -11)) + -6
6
Evaluate 3 + (-3 - -9 - 7 - -1).
3
(-1 + 4 - (-2 + 7)) + 2
0
What is 3 + (6 - 2) + -6?
1
What is -3 + (6 - (1 + -4 + 5))?
1
What is (-1 - -6) + -3 - (10 - 7)?
-1
What is 9 + 0 - (-133 + 140)?
2
Evaluate 1 - (-6 + -2 - (-5 - -1)).
5
Calculate -3 + 0 + -3 + 4 + 1.
-1
0 + (0 - -6) + -4
2
Calculate 3 - 2 - -4 - 8.
-3
W